).
1
Let o(r) = 65*r. Let m(t) = -5*t. Let x(d) = 40*m(d) + 3*o(d). Determine x(-4).
20
Let l(w) = -9*w**2 - 2*w + 6. Let s(b) = 5*b**2 + b - 3. Let h(j) = 4*l(j) + 7*s(j). Suppose -3*k = 2*k - 15. Calculate h(k).
-9
Let f(k) = -k + k**3 - 2*k**3 + 3 - 1 + 4*k**2. Suppose -2*s - 35 = 9. Let x = s - -26. Give f(x).
-2
Let m(r) = r**3 + 5*r**2 + r - 1. Let y be m(-5). Let u(q) = q**3 + 7*q**2 + 7*q - 8. Calculate u(y).
-14
Let g be (9/(-6))/(15/(-20)). Suppose -2*c - v - 2*v + 3 = 0, c + g*v = 0. Let k(h) = h**3 - 5*h**2 - 6*h + 4. Give k(c).
4
Suppose -3*f + 4 = -4*f. Let m(y) = y**3 + 5*y**2 + 5*y + 3. Give m(f).
-1
Let h(p) = -1. Let n(a) = 5*a - 2. Let q(y) = 3*h(y) - n(y). Suppose 23*v = 21*v + 2. Determine q(v).
-6
Let u = 14 + -10. Suppose 2*x + x - 8 = -u*q, -3*x + 15 = -3*q. Let z(y) = -11*y**3 - y. Determine z(q).
12
Suppose 5*d + 2*j = j + 1, 4*d - 3*j - 16 = 0. Let c(g) = -g**2 + 3*g - 1. Calculate c(d).
1
Let c(x) = -x**3 - 3*x**2 - x - 4. Let z(p) = -p**3 + p**2 + 4*p - 4. Let s be z(0). Determine c(s).
16
Let z(q) = 5*q - 1. Let c be z(1). Let g(m) be the third derivative of 0*m**4 + 1/120*m**6 + 0*m + 0 + m**2 - 1/15*m**5 - 1/3*m**3. Give g(c).
-2
Let c(z) = -2*z**2 + 7*z - 1. Let p(b) = -b**2 + b - 1. Let k(i) = -c(i) + 3*p(i). Let n = 1 - 5. Determine k(n).
-2
Let j(c) = c + 1 + c + 2*c. What is j(1)?
5
Let v(p) be the first derivative of -p**2/2 + 2*p - 1. Let f(t) = t - 3. Let c be -3*(3*-1)/3. Let n be f(c). Calculate v(n).
2
Let x(w) = -6*w**2 + w + 3. Let h(q) = -5*q**2 + 2. Let r(n) = -5*h(n) + 4*x(n). Let p be ((-5)/(5/4))/(-2). Let l be 0 + (-4 + -2)/p. Calculate r(l).
-1
Suppose -12 = -2*a - a. Let h(l) be the first derivative of l**2 - 1 + a + 0*l**2 + l. Give h(-2).
-3
Suppose -4*k + 5 = 1. Let t be 3/(3 + (-3 - k)). Let b(l) = -l**3 - 2*l**2 + 2*l - 4. Determine b(t).
-1
Suppose -5*p = 3*m - 16, -4 = -5*m + 3*p - 0*p. Let u(c) = c**3 + 2*c + 5 + 2*c**2 + m*c**2 + 0*c + 0*c**2. Give u(-4).
-3
Let a(l) be the second derivative of -l**4/12 - 4*l**3/3 - 3*l**2/2 - 26*l. Give a(-7).
4
Let j(t) = -7*t**2 - 2*t**3 + 8 + 3*t + 3*t**3 - 4*t + 0*t. Give j(7).
1
Suppose -30 = -6*d + d. Let h(z) = -d + 0*z + 5 + z. Suppose -i - 37 = 3*i - 5*j, 15 = 3*j. What is h(i)?
-4
Suppose 1 + 29 = -d + 5*p, -15 = 4*d + p. Let z(v) be the third derivative of v**6/120 + v**5/10 + v**4/4 - 7*v**2 + 6. What is z(d)?
-5
Let q(s) = -6*s + 4. Let f(b) = -7*b + 3. Let z(l) = 3*f(l) - 4*q(l). Calculate z(5).
8
Let w(c) be the first derivative of c**6/120 + c**5/60 - c**4/24 - c**3/6 - 3*c**2 - 2. Let o(b) be the second derivative of w(b). Determine o(0).
-1
Let p(b) = -5*b**3 + 12*b**2 - 12*b + 11. Let y(a) = -9*a**3 + 23*a**2 - 23*a + 21. Let j(q) = 11*p(q) - 6*y(q). Give j(-7).
2
Let g(p) = -2 + 0 - p**3 - 18*p**2 + 13*p**2 - 1. Determine g(-4).
-19
Let c(u) = -u**3 + 2*u**2 + 2*u - 2. Let y(w) = -w**3 + 10*w**2 - 15*w - 5. Let v be y(8). Determine c(v).
-5
Let h(q) = q**2 - 2*q - 1. Suppose -3*t - u + 2*u + 9 = 0, t + 4*u + 10 = 0. What is h(t)?
-1
Let m(y) = -17*y + 10. Let z(u) = 5*u - 3. Let c(l) = 2*m(l) + 7*z(l). Let n = 6 - 4. What is c(n)?
1
Let h be 3/(4/(-2) + 3). Let c(j) = -5*j**2 + 0*j**3 - 5 - j**h + 8. Let s = -8 + 3. Determine c(s).
3
Let n(y) = -y**3 + 3*y**2 + 3*y - 1. Let b(w) = 6*w**2 + 3*w. Let c be b(-2). Suppose 2*t - c = -t - 2*p, -t + 5*p - 11 = 0. Determine n(t).
-5
Let f(t) = -14*t**3 - 11*t**2 + 17*t + 20. Let s(x) = -5*x**3 - 4*x**2 + 6*x + 7. Let r(m) = -4*f(m) + 11*s(m). Calculate r(-3).
-24
Let p(j) = j**2 + 1. Let t(c) = -3*c**2 + c - 2. Let l(o) = -4*p(o) - t(o). Let d = -1 + 1. Calculate l(d).
-2
Let y(u) = u - 1. Suppose -5*w = 3*p - 29 + 10, 0 = -3*p + w + 7. Determine y(p).
2
Suppose 2*i + 7 - 9 = 0. Let u(t) = t - t - 5*t - i + t**2 + 4*t. What is u(-1)?
1
Let k(o) = -o**3 - 8*o**2 + 7*o - 8. Let h be k(-9). Let p be ((-8)/(-10))/(4/h). Let q(c) = -1 + 0 + 3 - c - c**p. Determine q(2).
-4
Let o(a) = -a + 10. Let d(h) = -6*h + 51. Let x(l) = 2*d(l) - 11*o(l). Give x(0).
-8
Let u(h) = -h - 12. Suppose 3*f = -5*p - 11, 5*f - 4*p + 6*p + 12 = 0. Let c be 2*f/4 + -8. Let j be u(c). Let l(g) = g**2 - 3. Give l(j).
6
Let j(w) = 4*w. Suppose 5*f - 7 = -5*h + 3, h + 2*f = 5. Give j(h).
-4
Suppose -5*c - 15 = -0*c. Let u be (2/c)/((-4)/(-30)). Let v(n) = n**2 + 5*n - 4. Calculate v(u).
-4
Let p(y) be the second derivative of y**4/6 + y**3/3 - y**2 - 5*y - 1. Calculate p(-2).
2
Suppose 3*q + 0 = 9. Let f be 1 - (-2 + 0) - q. Let i(j) = -j**2 - j + f*j + 0 + 1. Determine i(-2).
-1
Let l(p) = -12*p**2 + 2*p - 1. Let w(t) = -17*t**2 + 3*t - 1. Let x(c) = -7*l(c) + 5*w(c). Suppose 0 = -3*i - 0*i + 12. Give x(i).
-10
Suppose 0*h = h - 1. Suppose 2*b - 5 = h. Let z(i) = i**2 + i. Let r(q) = -7*q**2 - 2. Let n(m) = -r(m) - 5*z(m). Calculate n(b).
5
Let l(z) be the first derivative of 3*z**2/2 + 3*z + 4. Calculate l(-2).
-3
Let x(k) = -7*k - 2. Let h(m) = -2*m + 1. Let v(t) = -3*h(t) + x(t). What is v(-7)?
2
Let t(i) be the third derivative of -i**6/20 - i**5/60 + i**4/24 - i**3/6 - 3*i**2. Give t(1).
-7
Let x(w) = 3*w - 4*w - 22 + 2*w - 2*w. Give x(-13).
-9
Let b(c) = -2*c**2 + 11*c + 6. Let z be b(6). Let d(f) = 2*f + 4. Let k be d(z). Let s(l) = -l**3 + 4*l**2 + 2*l - 3. Calculate s(k).
5
Let g be (-96)/(-9)*1*3. Suppose 2*f + 27 = 6*f + 3*r, g = 4*f + 4*r. Let k(q) = q**2 + q + 17 - 5 - 3*q + q - q**f. Calculate k(0).
12
Let b = -130 - -131. Let t(w) = -5*w**3 + w**2 - 2*w + 1. What is t(b)?
-5
Let s(z) = 11*z - 1. Let k(n) = -n**3 - 13*n**2 + 15*n + 15. Let l be k(-14). Determine s(l).
10
Let q(r) be the second derivative of r**5/20 + r**4/3 - r**3 - r**2 - 16*r. Give q(-5).
3
Let k(c) = 29*c + 1. Let g(s) = s + 22. Let b be g(-23). What is k(b)?
-28
Let n(t) = -5*t**2 + 11*t - 2*t**3 - 3*t + 9 - t + t**3. Determine n(-6).
3
Let z(y) = 1 - y + 6 - 5. Determine z(2).
0
Suppose -4*p + p - t + 41 = 0, 5*p + 2*t = 70. Suppose -3*r + p = 5*h - 2*h, -4*r - h + 4 = 0. Let l(b) = -b**3 - b - 10. What is l(r)?
-10
Let x(o) be the second derivative of -o**3/6 + o**2/2 - 2*o. Suppose 0*f - 4*f + 4*b + 24 = 0, -30 = -5*f + 3*b. Determine x(f).
-5
Let d = 0 + 3. Suppose d*n = -0 + 3. Let h(q) = 2*q**3 + 2*q**2 - 1. Determine h(n).
3
Let l(f) = -f**2 - 4*f - 4. Let n be l(-4). Let b(a) = 3*a + 5. Give b(n).
-7
Let g be (-2)/6 - (-1)/3. Let l be g/1 - (4 + -6). Let s(x) = 0 + 1 - 3*x + 2*x. Give s(l).
-1
Let m be ((-8)/(-12))/((-3)/(-18)). Let w be -2 + 2 + 4 + 0. Let r(c) = 3*c - 6*c**2 + 2*c + c**3 + 0*c**2 + w. What is r(m)?
-8
Let o be (-2 - -2)*(-3)/6. Suppose o = -h + 4*h - 9. Let i(x) = 3*x**2 - 3*x**h - 5 + x + 0 + 4 - 2*x**2. Determine i(1).
-2
Let i(q) = -q**2 + 49*q + 50*q - 2 - 94*q. Let n(x) = x**2 - 5*x + 2. Let c be n(5). Suppose -2 = -j + c. Determine i(j).
2
Let t(m) = -2 + 5 + 0*m**2 + m**2 + 6*m. What is t(-3)?
-6
Let l(c) be the first derivative of 0*c**2 - 1 + 0*c + 2/3*c**3 + 1/120*c**5 - 1/24*c**4. Let v(d) be the third derivative of l(d). Give v(5).
4
Let a(o) be the first derivative of o**4/4 + 5*o**3/3 + o**2/2 + 3. Give a(-4).
12
Suppose 5*d + 5*i + 15 = 0, 3*d - 4*i + 4 = -12. Let j(t) be the third derivative of t**6/120 + t**5/10 + 7*t**4/24 + 2*t**3/3 - t**2. Calculate j(d).
8
Suppose -5*g - x = 20, -3*x = -g - g - 25. Let l(m) = m**2 + 3*m + 1. Calculate l(g).
11
Let l = 6 + -3. Let f(m) = -l*m - 2*m - 2 + m. Let k(i) = i**2 - 6*i - 10. Let r be k(7). Calculate f(r).
10
Let m(a) be the second derivative of -a**5/20 - 5*a**4/12 + a**3 - 3*a**2/2 + 3*a. Determine m(-6).
-3
Let f(x) = 16 - 26 - x - x. Give f(-9).
8
Let i = -25/2 - -13. Let f(z) be the second derivative of -2*z + 0*z**2 + 0 - i*z**3. Give f(-2).
6
Suppose 5*t = -o - 26, 0 = 3*t + 4*o + 9 + 10. Let r(i) be the first derivative of -i**3/3 - 5*i**2/2 + 6*i - 1. Determine r(t).
6
Let x(a) = -3*a**2 + 2 + 4*a + 2*a + 2*a**2. What is x(6)?
2
Suppose 0 = 6*f + 15 + 21. Let o(g) = g**3 + 7*g**2 + 5*g - 3. Calculate o(f).
3
Let r(o) = 2*o**3 + 6*o**2 + 5*o + 1. Let u(w) = -w**3 - w. Let m(x) = -r(x) - u(x). Calculate m(-5).
-6
Let t(s) = -3 + 6 - 2 + 2*s. What is t(-5)?
-9
Suppose 0 = -0*o + 3*o + 33. Let a = 15 + o. Let c(d) = 0*d - d - a + d + d. Determine c(3).
-1
Let h(u) = -4*u - 1. Let d(r) = -7*r - 3. Let q(g) = 3*d(g) - 5*h(g). Let a(n) =